e the remainder when 32737 is divided by 598.
445
What is the remainder when 9198 is divided by 160?
78
What is the remainder when 44709 is divided by 80?
69
What is the remainder when 3082 is divided by 182?
170
Calculate the remainder when 141261 is divided by 510.
501
What is the remainder when 5651 is divided by 141?
11
What is the remainder when 28320 is divided by 184?
168
What is the remainder when 101909 is divided by 451?
434
What is the remainder when 142900 is divided by 47621?
37
What is the remainder when 512 is divided by 115?
52
What is the remainder when 55 is divided by 32?
23
Calculate the remainder when 10911 is divided by 21.
12
What is the remainder when 1448 is divided by 48?
8
What is the remainder when 54311 is divided by 208?
23
What is the remainder when 200913 is divided by 66953?
54
Calculate the remainder when 4531 is divided by 915.
871
What is the remainder when 39851 is divided by 36?
35
What is the remainder when 9971 is divided by 38?
15
What is the remainder when 502655 is divided by 448?
447
What is the remainder when 57807 is divided by 578?
7
Calculate the remainder when 7998 is divided by 627.
474
What is the remainder when 163849 is divided by 836?
829
What is the remainder when 1222 is divided by 601?
20
What is the remainder when 1454 is divided by 291?
290
Calculate the remainder when 941 is divided by 31.
11
What is the remainder when 229233 is divided by 127?
125
What is the remainder when 3016 is divided by 1804?
1212
What is the remainder when 1754 is divided by 45?
44
What is the remainder when 74827 is divided by 25?
2
Calculate the remainder when 14827 is divided by 130.
7
What is the remainder when 4987 is divided by 385?
367
What is the remainder when 29931 is divided by 7347?
543
Calculate the remainder when 836 is divided by 460.
376
What is the remainder when 298 is divided by 73?
6
What is the remainder when 4079 is divided by 4071?
8
Calculate the remainder when 3845 is divided by 3833.
12
Calculate the remainder when 4512 is divided by 184.
96
What is the remainder when 14947 is divided by 14836?
111
Calculate the remainder when 477695 is divided by 96.
95
Calculate the remainder when 5030 is divided by 30.
20
What is the remainder when 1735796 is divided by 789?
785
What is the remainder when 44912 is divided by 13?
10
What is the remainder when 4248 is divided by 1402?
42
Calculate the remainder when 7178 is divided by 2993.
1192
Calculate the remainder when 10991 is divided by 46.
43
What is the remainder when 8018 is divided by 713?
175
Calculate the remainder when 851 is divided by 314.
223
What is the remainder when 106619 is divided by 254?
193
What is the remainder when 2986 is divided by 1335?
316
Calculate the remainder when 4386 is divided by 258.
0
What is the remainder when 6059 is divided by 786?
557
Calculate the remainder when 61766 is divided by 174.
170
What is the remainder when 89441 is divided by 89?
85
Calculate the remainder when 17476 is divided by 3.
1
What is the remainder when 19069 is divided by 233?
196
Calculate the remainder when 6931 is divided by 6897.
34
Calculate the remainder when 35801 is divided by 102.
101
What is the remainder when 8265 is divided by 3498?
1269
Calculate the remainder when 53263 is divided by 17746.
25
What is the remainder when 10436 is divided by 1711?
170
What is the remainder when 33688 is divided by 8403?
76
What is the remainder when 73766 is divided by 36877?
12
What is the remainder when 22801 is divided by 7597?
10
Calculate the remainder when 4033 is divided by 65.
3
What is the remainder when 101185 is divided by 33709?
58
Calculate the remainder when 833 is divided by 798.
35
What is the remainder when 65682 is divided by 32838?
6
Calculate the remainder when 18238 is divided by 952.
150
Calculate the remainder when 29396 is divided by 221.
3
Calculate the remainder when 68393 is divided by 5.
3
What is the remainder when 12646 is divided by 5?
1
Calculate the remainder when 642 is divided by 625.
17
What is the remainder when 418 is divided by 133?
19
Calculate the remainder when 2148 is divided by 23.
9
Calculate the remainder when 15213 is divided by 4980.
273
What is the remainder when 4120 is divided by 77?
39
Calculate the remainder when 9487 is divided by 2325.
187
Calculate the remainder when 12159 is divided by 288.
63
What is the remainder when 3041096 is divided by 109?
105
What is the remainder when 21959 is divided by 683?
103
Calculate the remainder when 16532 is divided by 8251.
30
Calculate the remainder when 11104 is divided by 265.
239
Calculate the remainder when 10773 is divided by 897.
9
Calculate the remainder when 174796 is divided by 87304.
188
Calculate the remainder when 12751 is divided by 8.
7
What is the remainder when 1282714 is divided by 321?
319
What is the remainder when 133288 is divided by 50?
38
Calculate the remainder when 432798 is divided by 1890.
1878
What is the remainder when 7887 is divided by 7878?
9
Calculate the remainder when 119844 is divided by 23968.
4
Calculate the remainder when 15887 is divided by 570.
497
Calculate the remainder when 109053 is divided by 54522.
9
What is the remainder when 2112 is divided by 287?
103
Calculate the remainder when 468503 is divided by 322.
315
What is the remainder when 3552 is divided by 101?
17
Calculate the remainder when 334870 is divided by 9.
7
What is the remainder when 3339 is divided by 23?
4
Calculate the remainder when 120241 is divided by 20038.
13
What is the remainder when 49629 is divided by 44?
41
What is the remainder when 4712 is divided by 81?
14
Calculate the remainder when 11520 is divided by 372.
360
What is the remainder when 526767 is divided by 29264?
15
Calculate the remainder when 78826 is divided by 1433.
11
Calculate the remainder when 11090 is divided by 1845.
20
Calculate the remainder when 13716 is divided by 70.
66
Calculate the remainder when 2437260 is divided by 592.
588
Calculate the remainder when 174935 is divided by 34983.
20
What is the remainder when 204382 is divided by 91?
87
What is the remainder when 17034 is divided by 42?
24
What is the remainder when 7766 is divided by 1118?
1058
What is the remainder when 11929 is divided by 155?
149
What is the remainder when 3050 is divided by 138?
14
What is the remainder when 2256 is divided by 58?
52
What is the remainder when 6138 is divided by 123?
111
Calculate the remainder when 582813 is divided by 92.
85
What is the remainder when 22599 is divided by 7530?
9
Calculate the remainder when 147809 is divided by 13.
12
What is the remainder when 154425 is divided by 5515?
5
What is the remainder when 199157 is divided by 66?
35
What is the remainder when 6440 is divided by 84?
56
What is the remainder when 317 is divided by 96?
29
Calculate the remainder when 161995 is divided by 180.
175
What is the remainder when 6860254 is divided by 16?
14
What is the remainder when 22846 is divided by 192?
190
Calculate the remainder when 20477 is divided by 20476.
1
What is the remainder when 89600 is divided by 1991?
5
Calculate the remainder when 23204 is divided by 7731.
11
Calculate the remainder when 56715 is divided by 17.
3
Calculate the remainder when 24066 is divided by 2674.
0
Calculate the remainder when 8421 is divided by 81.
78
What is the remainder when 6487 is divided by 820?
747
What is the remainder when 589 is divided by 101?
84
Calculate the remainder when 480 is divided by 261.
219
Calculate the remainder when 33934 is divided by 41.
27
Calculate the remainder when 1834 is divided by 1555.
279
What is the remainder when 77456 is divided by 799?
752
Calculate the remainder when 30373 is divided by 7577.
65
Calculate the remainder when 5032 is divided by 713.
41
Calculate the remainder when 881089 is divided by 334.
331
What is the remainder when 5090 is divided by 412?
146
Calculate the remainder when 255617 is divided by 18.
17
What is the remainder when 3084 is divided by 192?
12
Calculate the remainder when 6295 is divided by 390.
55
Calculate the remainder when 76069 is divided by 74.
71
What is the remainder when 101557 is divided by 23?
12
Calculate the remainder when 5194 is divided by 1674.
172
What is the remainder when 503